3*b. Give z(-1).
-5
Let a be -30*(10/4)/(-5). Suppose 2*z + 7 = 3*d, 0*d - 5*d + a = 0. Let y(l) = -6*l**2 - 1. What is y(z)?
-7
Let g = 6 + -11. Let d(a) = 2*a**2 - 9*a - 1. Let f(b) = -b**2 + b - 1. Let w(j) = -j**2 + 3*j + 5. Let q be w(4). Let l(z) = q*d(z) + 3*f(z). Calculate l(g).
1
Let j(i) = i. Let d(h) = 8*h. Let u(o) = -2*d(o) + 10*j(o). Determine u(-1).
6
Let k(j) = -j**3 - 5*j**2 + j - 2. Let p be 2*(4 - (-26)/(-4)) - 0. Determine k(p).
-7
Let r(g) = 3*g**3 + 9*g**2 + 9*g - 17. Let s(x) = -5*x**3 - 14*x**2 - 13*x + 26. Let t(f) = -8*r(f) - 5*s(f). Determine t(4).
10
Let v(f) be the second derivative of -f**4/12 - f**3/2 + f**2 - 30*f. Calculate v(-3).
2
Let h(l) = 11*l - 10. Let u(p) = -10*p + 9. Let c(f) = 6*h(f) + 7*u(f). Let q be 4/8 - (-3)/(-6). Let v be -2 + -1 - (-7 - q). What is c(v)?
-13
Let x(b) = b**2 - 3*b + 1. Suppose -4*c - c + 10 = 0. Give x(c).
-1
Let s(l) = -l**2 - l. Let f be s(-1). Let d(h) = -h + 1. Let u(m) = -3*m + 9. Suppose 1 = v - 1. Let a(w) = v*d(w) - u(w). Determine a(f).
-7
Let t(j) = -j**2 - 9*j + 3. Let c be t(-9). Let p(i) = 0*i**2 + 0*i**c - 5*i**3 - 2*i**2 - i. Let h = -2 - -1. Calculate p(h).
4
Let c(r) = r**3 + r**2 - r - 3. Let j(s) = s**3 - s**2 + 1. Let g(v) = c(v) + 3*j(v). Give g(-1).
-5
Let d(q) = 6*q**3 - 7*q**2 - 3. Let v(n) = 2*n + 0*n - n - 10. Let j be v(5). Let s(r) = -5*r**3 + 6*r**2 + 3. Let l(g) = j*s(g) - 4*d(g). What is l(3)?
6
Let k(b) be the third derivative of b**4/24 + 2*b**3/3 + b**2. Let n be k(-8). Let z be (-3)/(-2)*(2 + n). Let i(c) = c**2 + 6*c + 4. Determine i(z).
-5
Let c(f) = -f**3 - 5*f**2 - 2*f + 3. Let o(u) = u + 1. Let z(q) = c(q) - 3*o(q). Suppose -4*s + 5*s = -3*i + 24, 0 = 4*i - 20. Let j = s - 13. Give z(j).
4
Let o = -58 - -57. Let z be ((-2)/6)/((-2)/6). Let s(k) = 0*k**2 - 11*k**3 - k**2 + z + 3*k - 2*k. What is s(o)?
10
Let p(q) = -q**3 - 5*q**2 + 6*q - 7. Let l(h) be the second derivative of -h**3/6 - h**2/2 + 2*h. Let u be l(5). What is p(u)?
-7
Let j(g) = 2*g + 3. Suppose 0 = 4*a + 4 + 4. What is j(a)?
-1
Let f(r) be the first derivative of r**3/3 - 3*r**2/2 - 3*r + 2. Let i(j) be the first derivative of -j**2/2 + 4*j - 1. Let q be i(0). Calculate f(q).
1
Let w(p) = -4*p + 11. Let d(r) = 6*r - 16. Let m(c) = 5*d(c) + 7*w(c). What is m(4)?
5
Let i(b) be the third derivative of 7*b**5/60 - b**4/24 + b**3/6 + 8*b**2. What is i(1)?
7
Suppose -2*g + 7 = 15. Let k(b) = -b**2 - 1. Give k(g).
-17
Let q(k) = -4*k**2 + 12*k - 8. Let h(v) = -11*v**2 + 35*v - 24. Let f(b) = -3*h(b) + 8*q(b). Determine f(7).
-6
Let a(g) = -4*g**3 + g**3 + 2*g**3 + 7*g - 5*g**2 + 7. Let o(x) = 3*x + 9. Let i be o(-5). Calculate a(i).
1
Let b = -13 - 2. Let v = 12 + b. Let o(j) = j**2 + j + 1. Calculate o(v).
7
Let b(u) be the first derivative of 3*u**2/2 + 83. Suppose -2*v + 6*v - 17 = 5*a, a = v - 4. Determine b(a).
-3
Suppose -4*q - 4 = -3*d - 1, -2*q + 6 = -4*d. Let h(b) = b**2 - b - 5. Let o(g) = g**2 - 6. Let l(x) = q*h(x) + 2*o(x). Let i = -4 - -8. Determine l(i).
-1
Let g(u) = u + 5. Let w(f) = f - 5. Suppose -4 = 2*c - 3*c. Suppose -t + 6*t - 6 = 3*p, t - c*p = 8. Let i be w(t). Calculate g(i).
0
Let d(p) be the third derivative of -p**4/24 - 3*p**3 + 2*p**2. Let x be d(-14). Let l(j) = j**3 + 4*j**2 - j + 5. Determine l(x).
9
Let z = 309 + -307. Let k(s) = -s - 1. Let d(i) = -1. Let a(u) = -4*d(u) + 6*k(u). Calculate a(z).
-14
Suppose 3*b - 4 = -l + 5*b, -5*b - 10 = -2*l. Let r(s) = -9*s - 4*s + 17*s + 6 - 5*s. Give r(l).
6
Let j be -2 + -5 - (0 + -5). Let l(x) = -6*x**2 + x. Calculate l(j).
-26
Let s(o) = o**2 - 1. Let k(i) = 8*i**2 - 5. Let x(u) = k(u) - 5*s(u). Let y be x(1). Let d(c) = -c**3 + 4*c**2 - 3*c**y + 3*c**3 - 3*c. Calculate d(2).
2
Let z(m) = -m**3 + 3*m**2 + 3*m - 1. Let p be -1 + (4 - (-3 + 3)). Give z(p).
8
Let d(z) = z**2 + 7*z + 8. Let f be d(-6). Suppose -4*i - f - 11 = -h, -3*h = -4*i - 23. Let k(m) = h + 0*m + 3*m**2 - 9 - m**3 + 3*m. What is k(3)?
5
Let r(f) = 3*f - 13. Let t(l) = -4*l + 12. Let u(h) = 3*r(h) + 2*t(h). Give u(7).
-8
Let f(t) be the third derivative of t**7/2520 + t**6/360 - t**5/120 + t**4/12 + t**2. Let l(s) be the second derivative of f(s). Give l(2).
7
Let k(p) = -3. Let n(r) = 6*r - 1. Let j be n(-1). Let w(h) = -h**2 - 6. Let o(i) = j*k(i) + 4*w(i). Let x(s) be the first derivative of o(s). What is x(-1)?
8
Suppose 2*h - 7 = 2*c - 1, -5*c = 2*h + 1. Let n(u) = -4*u**2 + 3*u - 2. What is n(h)?
-12
Let w(z) = -1 + 0*z + 7*z - 2*z. Let r = 3 - 4. Determine w(r).
-6
Suppose -22 = h - 3*h. Let g(f) = f - 10. Calculate g(h).
1
Suppose -d + 4*g = 3, -8 = -d - 3*d - 4*g. Let x(v) = -7*v + 1. Calculate x(d).
-6
Let y(v) = v**3 + 14 + 9 - v - 11. Give y(0).
12
Let j(l) be the third derivative of -l**5/60 + l**4/3 - 5*l**3/6 - 2*l**2 - 15. Give j(8).
-5
Let d(t) = -t**3 + 3*t**2 + 5. Let s = 37 + -33. Calculate d(s).
-11
Let u = 149 - 151. Let k(q) = q**2 + 4*q + 3. Determine k(u).
-1
Let r(y) = y + 8. Let o be (-3)/6 + (-36)/8. Determine r(o).
3
Let b(v) be the first derivative of -v**2 + 2*v - 1. Let n be b(2). Let r(k) = -k**2 + 3. Let x(j) = -j**2 + 5. Let z(d) = -5*r(d) + 3*x(d). What is z(n)?
8
Suppose -k = -5*d - 13 + 1, 0 = -4*k - 12. Let l(m) be the second derivative of -m**5/20 - 5*m**4/12 - 2*m**3/3 - m**2/2 + 33*m. What is l(d)?
-7
Let w(n) = -4*n + 6. Suppose 7*b = 3*b + 12. Let j(k) be the first derivative of -k**2/2 + k - 2. Let g(m) = b*j(m) - w(m). Give g(4).
1
Let b be 1*8 + 4/(-2). Let c(h) = -3 + 10 + 5 - h. Let a be c(b). Let k(n) = n**2 - 5*n - 5. What is k(a)?
1
Let b = 45 - 50. Let o(v) = v**3 + 6*v**2 + 6*v - 2. Determine o(b).
-7
Let v = 6 + -21. Let m = v + 25. Suppose 2*w + 3*w = m. Let t(h) = 3*h**2 - 3*h. What is t(w)?
6
Let x(u) = -u**2 - 7*u - 5. Suppose 0 = -0*b - 4*b - 20. Determine x(b).
5
Let o be 8*(2 - 6/8). Let a(c) = c**3 - 9*c**2 - 9*c - 1. Let p be a(o). Let u(f) = -p + 0 + f + 0*f. Calculate u(5).
-4
Let w(r) be the second derivative of r + 0 + 1/8*r**4 + 1/360*r**6 + 1/6*r**3 + 1/30*r**5 + 0*r**2. Let j(p) be the second derivative of w(p). Determine j(-3).
0
Let y be (-30)/(-4)*(-24)/(-30). Let g(d) = -d + 7. Determine g(y).
1
Let d(p) = p - 5 + 7 - 4 - 1. Determine d(11).
8
Let s = -4 - -1. Let z = s + 6. Let t(w) be the first derivative of -w**4/4 + w**3 + w**2/2 + 2*w + 2. Give t(z).
5
Suppose 27*y = 24*y - 15. Let s(q) = q + 2. Give s(y).
-3
Suppose -2*x = -2*g + 6, -4*g - x = 3*x - 12. Let r(a) = -2*a - 1. What is r(g)?
-7
Let h = 63 + -58. Let n(m) be the first derivative of -m**3/3 + 7*m**2/2 + m - 1. Determine n(h).
11
Let o(x) be the first derivative of -x**4/4 + x**3 - x**2 + 2*x + 5. Suppose 0 = -f - 2*a - 4, f - 5*a - 2 - 15 = 0. Give o(f).
2
Suppose -5*i + 8 = -7. Let u(q) be the third derivative of -1/2*q**3 + 1/15*q**5 + q**2 + 0*q + 0 - 1/120*q**6 - 1/8*q**4. What is u(i)?
-3
Let x be (-37)/(-7) + 2/(-7). Let o(n) be the first derivative of 7*n - 3 - 3/2*n**2. Determine o(x).
-8
Let y(k) = -k**3 - 10*k**2 - 8*k + 13. Let x be y(-9). Let l(h) be the first derivative of -2 - h**3 + h**2 - 1/4*h**x - h. Give l(-4).
7
Let j(r) be the third derivative of 1/120*r**6 + 0*r - 1/8*r**4 + 0 - 3*r**2 - 1/30*r**5 - 1/6*r**3. Let y = 6 + -3. Determine j(y).
-1
Let u(k) be the second derivative of 5*k**4/12 - 8*k. What is u(1)?
5
Suppose 2*d + 0 - 2 = 0. Let p be d*((-12)/4 - -1). Let c(t) = 4*t - 1. Determine c(p).
-9
Let d(m) = -2*m**3 - 5*m**3 - 5*m**2 + 14*m - 10*m - 3. Let z(p) = p**3 + p**2. Let l(h) = d(h) + 6*z(h). What is l(3)?
-9
Let p(f) = f**2 - 4*f + 2. Let x be p(4). Suppose -3*u = -x*u - 3. Let s(t) = -t**2 + 4. Determine s(u).
-5
Let o(q) be the third derivative of q**6/120 + q**5/10 + q**4/4 + q**3 - 3*q**2. What is o(-5)?
1
Let r(n) = 3*n. Let h be 6/(-4) - 76/8. Let f = 10 + h. Calculate r(f).
-3
Let u(z) = 20*z - 1 - 7*z - 5*z - 6*z - 2. Suppose 3*x - a - a = 13, -4*x + 4 = 4*a. Suppose -x*j - 7 = -22. Determine u(j).
7
Let m(j) = 4*j - 1. Let x(p) = -3*p**3 - p**2 - p - 1. Let h be x(-1). Let f be m(h). Let u(o) = 5*o**2 - f*o**2 + 5*o**2 + 7*o**2. Calculate u(-1).
10
Suppose -2*x + 14 = -2*a, -2*a - 2*x - 2*x = -16. Let p(z) = -2*z - 2. Determine p(a).
2
Let u(y) = 8*y. Let z be 2/8*-1*4. Calculate u(z).
-8
Let c(h) = 5*h - 6*h + 17*h**2 + 1 + 0. Calculate c(1).
17
Let